et k(v) = 6*v**3 + 18*v**2 + 49*v + 153. Give k(-3).
6
Let z(y) = -96*y - 1065. Give z(-11).
-9
Let z(q) = 110*q + 3192. Determine z(-29).
2
Let f(q) = q**2 - 12*q + 26. Give f(9).
-1
Let c(x) = -x**2 + 151*x + 15479. Give c(221).
9
Let n(q) = -q**3 - 20*q**2 - 40*q + 22. Determine n(-17).
-165
Let z(k) = -8*k**2 - 295*k + 297. Give z(1).
-6
Let s(b) = 19*b**2 + 12*b - 42. Calculate s(3).
165
Let d(j) = 9*j**2 - 24*j + 28. What is d(2)?
16
Let p(a) = 4*a**2 + 21*a + 61. Give p(-6).
79
Let m(j) = j**2 - 71*j + 957. Determine m(53).
3
Let v(f) = 2*f**2 + 344*f + 12077. What is v(-123)?
23
Let y(a) = -6*a**2 + 98*a - 343. Determine y(5).
-3
Let q(o) = 141*o**2 - 53*o + 45. Give q(1).
133
Let r(x) = x**2 - x - 64. Calculate r(6).
-34
Let f(l) = l**2 - 8*l - 69. Calculate f(11).
-36
Let r(c) = -4*c**3 - 135*c**2 + 33*c - 35. Give r(-34).
-1
Let y(p) = -p**3 + 8*p**2 + 13*p - 155. Give y(9).
-119
Let i(d) = 136*d + 12067. Calculate i(-89).
-37
Let d(s) = 652*s + 11139. Give d(-17).
55
Let d(m) = 254*m + 1278. Give d(-5).
8
Let j(k) = 95*k - 274. What is j(3)?
11
Let m(r) = -19*r**2 - 460*r - 101. Give m(-24).
-5
Let h(c) = 10*c**2 + 93*c + 10. Give h(-9).
-17
Let v(r) = r**2 - 91*r + 510. Determine v(80).
-370
Let q(c) = 21*c**2 - c + 54. What is q(0)?
54
Let j(u) = 4*u**2 + 13*u + 6. What is j(-2)?
-4
Let t(y) = -y**2 + 70. Give t(-9).
-11
Let k(g) = -3*g + 102. Determine k(-5).
117
Let f(w) = -w**3 - 78*w**2 + 80*w + 85. What is f(-79)?
6
Let t(j) = 2*j**3 - 23*j**2 - 15*j + 22. Give t(12).
-14
Let w(m) = -260*m - 31971. Determine w(-123).
9
Let k(a) = -a**2 - 3*a + 516. Determine k(-24).
12
Let q(d) = 44*d - 202. Determine q(5).
18
Let t(n) = 138*n - 681. Give t(5).
9
Let b(q) = q**2 + 33*q + 319. Give b(-14).
53
Let w(r) = 4*r**3 - 13*r**2 - 14*r - 5. Determine w(5).
100
Let w(p) = -3*p**2 + 40*p + 219. Give w(-4).
11
Let l(n) = n**2 + 1490*n + 26496. Give l(-18).
0
Let u(n) = -12*n - 312. Give u(-23).
-36
Let v(d) = -d**3 + 28*d**2 - 185*d - 92. Give v(12).
-8
Let c(y) = -1185*y - 4724. What is c(-4)?
16
Let m(c) = -120*c - 2526. Determine m(-21).
-6
Let m(f) = -f**3 - 21*f**2 + 133*f + 113. Give m(-26).
35
Let h(q) = q**2 - 81*q - 687. Calculate h(-8).
25
Let y(j) = -j**3 - 28*j**2 + 39*j - 6. What is y(1)?
4
Let z(u) = 23*u**2 + 152*u - 1. Calculate z(-7).
62
Let t(d) = -d**3 - 11*d**2 - 5*d - 112. Calculate t(-11).
-57
Let g(v) = -2*v**2 - 57*v + 6968. Determine g(-75).
-7
Let o(a) = -a**3 - 4*a**2 + 28*a - 35. Calculate o(-8).
-3
Let t(k) = k**3 - 14*k**2 - 5*k - 6. Give t(0).
-6
Let l(v) = -2*v**2 - 2*v + 25. Give l(5).
-35
Let r(k) = -k**2 - 22*k - 77. Give r(-21).
-56
Let y(d) = 3*d**2 + 146*d + 422. Determine y(-45).
-73
Let o(u) = 35*u**2 + 2829*u - 473. What is o(-81)?
13
Let b(y) = -5*y**3 - y**2 + 238*y - 237. Calculate b(1).
-5
Let h(l) = l**3 + 117*l**2 + 686*l + 2203. Determine h(-111).
-17
Let d(m) = -642*m + 168. Determine d(-1).
810
Let c(f) = -3332*f - 20001. What is c(-6)?
-9
Let y(s) = -2*s**2 - 59*s - 35. Determine y(-29).
-6
Let g(x) = 7*x**2 + 411*x - 5938. Determine g(12).
2
Let z(h) = 10*h**2 + 111*h + 300. Calculate z(-6).
-6
Let c(j) = -322*j - 1410. Calculate c(-4).
-122
Let z(c) = -c**3 + c**2 + 34*c - 26. Determine z(8).
-202
Let d(a) = 14*a + 475. Calculate d(-28).
83
Let n(s) = 233*s + 274. Give n(-1).
41
Let i(z) = 1940*z - 54303. Determine i(28).
17
Let p(g) = 142*g - 2690. Calculate p(19).
8
Let c(w) = -2*w**3 + 135*w**2 + 352*w + 126. Determine c(70).
266
Let b(x) = x**2 - 22*x + 45. What is b(11)?
-76
Let m(l) = l**3 + 18*l**2 - 42*l + 22. Calculate m(-20).
62
Let w(b) = 23*b + 336. Determine w(-13).
37
Let q(o) = -5*o + 54. Calculate q(-5).
79
Let u(y) = -y**3 - 38*y**2 + 315*y - 32. What is u(-45)?
-32
Let q(h) = -2*h**3 + 25*h**2 + 3*h + 2. Calculate q(13).
-128
Let l(m) = 693*m - 10388. Calculate l(15).
7
Let l(p) = 51*p - 266. Determine l(5).
-11
Let s(x) = 73*x**2 - 2*x - 1. Determine s(1).
70
Let x(i) = 19*i + 122. What is x(-6)?
8
Let d(m) = m**2 - 37*m + 97. What is d(16)?
-239
Let y(a) = -238*a**3 - 5*a**2 - 2*a + 1. Calculate y(-1).
236
Let v(p) = -41*p - 1137. Calculate v(-27).
-30
Let f(t) = -33*t - 133. Determine f(-7).
98
Let w(g) = 4*g**2 - 88*g + 34. What is w(20)?
-126
Let z(p) = -2*p**2 - 1208*p - 9540. Give z(-8).
-4
Let c(f) = 103*f - 9841. Calculate c(97).
150
Let h(a) = 58*a - 455. Determine h(8).
9
Let h(m) = m**3 - 6*m**2 + 219*m - 1322. Give h(6).
-8
Let t(y) = 868*y + 44266. What is t(-51)?
-2
Let k(l) = 10*l - 18. Calculate k(-4).
-58
Let d(t) = 3*t**2 - 242*t + 2635. Calculate d(13).
-4
Let l(v) = 29*v - 2687. Calculate l(91).
-48
Let g(t) = -t**3 + 31*t**2 - 14*t - 4066. Give g(19).
0
Let o(s) = 2*s**3 + 12*s**2 + 6*s - 24. Determine o(-2).
-4
Let t(g) = -5*g**3 + 7*g**2 - g - 5. Determine t(2).
-19
Let y(z) = 25*z**2 - 77*z + 80. Determine y(1).
28
Let c(o) = -99*o - 2233. Calculate c(-23).
44
Let a(f) = -2*f**3 + 59*f**2 - 75*f - 258. What is a(28)?
-6
Let z(j) = j**2 - 37*j - 236. Calculate z(33).
-368
Let x(j) = -j**3 + j**2 + 60*j + 95. What is x(-6)?
-13
Let o(k) = k**3 - 30*k**2 + 53*k + 11. Determine o(28).
-73
Let m(r) = 51*r - 1444. What is m(28)?
-16
Let i(g) = -13*g - 500. Calculate i(-25).
-175
Let v(a) = a**3 + 6*a**2 + 2*a - 7. Calculate v(0).
-7
Let j(u) = 5*u**2 + 27*u - 132. What is j(3)?
-6
Let l(f) = 319*f - 2204. What is l(7)?
29
Let z(m) = -140*m**3 + 2*m**2 - 5*m + 6. Determine z(1).
-137
Let g(k) = 2*k**2 + 532*k + 6095. Calculate g(-12).
-1
Let y(r) = r**3 - 8*r**2 - 15*r - 15. Determine y(9).
-69
Let c(u) = -u**3 - 99*u**2 - 124*u - 2536. Calculate c(-98).
12
Let q(u) = u**3 + 74*u**2 - 63*u + 874. Determine q(-75).
-26
Let z(c) = 2*c**2 - 7*c - 1069. What is z(23)?
-172
Let i(q) = -31*q + 533. What is i(19)?
-56
Let n(u) = -u**3 - 27*u**2 + 8*u + 118. Calculate n(-27).
-98
Let h(z) = -656*z + 4653. What is h(7)?
61
Let h(i) = 3*i - 146. Determine h(35).
-41
Let a(j) = -4*j**2 + 551*j - 2668. Determine a(5).
-13
Let p(f) = f**3 - 18*f**2 - 6*f - 236. Give p(19).
11
Let a(l) = 14*l - 394. Determine a(6).
-310
Let x(i) = -6*i**2 + 110*i - 23. Give x(19).
-99
Let f(r) = 11*r**2 + 38*r - 39. What is f(1)?
10
Let w(p) = -10*p + 571. Calculate w(57).
1
Let y(h) = -4*h**3 - 6*h**2 + 7*h - 3. Calculate y(4).
-327
Let z(k) = -23*k**2 + 64*k + 8. What is z(3)?
-7
Let w(k) = k**3 - 32*k**2 - 37*k + 135. Calculate w(33).
3
Let d(c) = -c**3 - 2*c**2 + 29*c + 34. Give d(-7).
76
Let x(a) = -2*a**2 - 94*a + 344. Calculate x(-50).
44
Let i(k) = -14*k**2 - 134*k - 23. What is i(-8)?
153
Let a(y) = 8*y + 123. Calculate a(-25).
-77
Let c(n) = -4*n**3 - 31*n**2 + 12*n + 44. What is c(-8)?
12
Let f(g) = -g**3 - 27*g**2 + 19. Determine f(-27).
19
Let f(w) = -90*w**2 - 430*w + 85. What is f(-5)?
-15
Let f(j) = -j**3 + 27*j**2 - 47*j - 61. Calculate f(25).
14
Let a(j) = j**3 - 59*j**2 - 265*j + 747. Determine a(63).
-72
Let i(u) = 66*u + 284. What is i(-4)?
20
Let f(l) = -252*l + 773. Calculate f(3).
17
Let f(a) = -a**3 - 12*a**2 - 8*a + 23. What is f(-11)?
-10
Let s(t) = -2253*t - 34. Give s(0).
-34
Let d(m) = 1571*m + 147672. Give d(-94).
-2
Let z(r) = -159*r + 597. Calculate z(5).
-198
Let z(h) = 70*h**2 - 502*h + 1. Give z(7).
-83
Let d(s) = s**3 - 33*s**2 + 81*s - 606. What is d(31)?
-17
Let q(f) = 22*f**3 - 132*f**2 + 7*f - 8. What is q(6)?
34
Let s(m) = -m**3 + 92*m**2 - 440*m - 3. Determine s(5).
-28
Let u(o) = 2*o**3 - 28*o**2 + 15*o - 32. Determine u(12).
-428
Let i(y) = 14*y**2 - 62*y - 2. Calculate i(4).
-26
Let v(w) = 2*w**2 + 99*w + 515. Determine v(-6).
-7
Let j(a) = -122*a - 4764. Calculate j(-42).
360
Let f(q) = -39*q**2 - 9*q - 5. Give f(-3).
-329
Let q(t) = 2330*t + 58238. What is q(-25)?
-12
Let t(x) = -2*x**2 - 31*x - 106. Determine t(-9).
11
Let a(k) = -k - 439. Determine a(72).
-511
Let g(l) = 15*l + 51. Calculate g(-4).
-9
Let b(o) = 6*o**3 - 427*o**2 + 72*o - 72. Calculate b(71).
-1
Let u(b) = 24*b - 53. Calculate u(11).
211
Let a(l) = -l**3 - 50*l**2 - 180*l + 177. Give a(-46).
-7
Let w(c) = -45*c**2 + 7513*c + 329. Give w(167).
-5
Let j(h) = -202*h - 2618. Calculate j(-13).
8
Let y(w) = w**3 - 55*w**2 + 595*w + 200. Calculate y(40).
0
Let h(b) = -17*b + 2294. What is h(130)?
84
Let x(m) = -15*m**2 - 20*m + 18. Determine x(5).
-457
Let q(k) = -24